{"id":2175,"date":"2020-10-27T20:36:31","date_gmt":"2020-10-27T20:36:31","guid":{"rendered":"http:\/\/www.reussir-sa-formation.com\/?page_id=2175"},"modified":"2020-10-28T11:49:45","modified_gmt":"2020-10-28T11:49:45","slug":"remise-a-niveau-francais","status":"publish","type":"page","link":"https:\/\/www.reussir-sa-formation.com\/?page_id=2175","title":{"rendered":"Remise \u00e0 niveau fran\u00e7ais"},"content":{"rendered":"\n\t<h3>\n\t\t\t\tRemise \u00e0 niveau fran\u00e7ais\n\t\t\t<\/h3>\n\t<p><a href=\"http:\/\/www.reussir-sa-formation.com\/?page_id=2170\">Les cours<\/a> \/ Remise \u00e0 niveau fran\u00e7ais<\/p>\n\t\t\t<h4>Public<\/h4>\t\t\t\n\t\t\t\t<p>Ces cours de remise \u00e0 niveau et perfectionnement en langue fran\u00e7aise s&rsquo;adressent aux agents souhaitant faire \u00e9voluer leurs \u00e9crits professionnels sur le fond et la forme. Ce programme pourra \u00eatre adapt\u00e9 aux besoins des stagiaires en fonction des r\u00e9sultats du test de niveau.<\/p>\n\t\t\t<h4>Dur\u00e9e<\/h4>\t\t\t\n\t\t\t\t<p>2 \u00a0demi-journ\u00e9es\/mois sur 5 mois.<\/p>\n\t\t\t\t\t\t<h4 tabindex=\"0\">Objectifs<\/h4>\n\t\t\t<ul>\n<li>R\u00e9diger avec aisance et pr\u00e9cision<\/li>\n<li>Approfondir ses connaissances grammaticales et orthographiques<\/li>\n<li>Enrichir son vocabulaire et son expression \u00e9crite<\/li>\n<li>Etre capable de comprendre un texte et de r\u00e9pondre \u00e0 des questions.<\/li>\n<li>Savoir reformuler et synth\u00e9tiser<\/li>\n<\/ul>\n\t\t\t\t\t\t<h4 tabindex=\"0\">Programme<\/h4>\n\t\t\t<ul>\n<li>\n<ul>\n<li><strong>Grammaire et orthographe<\/strong><\/li>\n<\/ul>\n<ul>\n<li>\n<ul>\n<li>R\u00e9vision des conjugaisons, modes et temps, concordance des temps<\/li>\n<li>Les accords\u00a0grammaticaux\u00a0: infinitif, verbes conjugu\u00e9s, participe pass\u00e9, adjectifs qualificatifs, \u00a0noms<\/li>\n<li>Les compl\u00e9ments de nom, de pronom, d\u2019adjectif, de verbe<\/li>\n<li>Les pronoms\u00a0: personnels, d\u00e9monstratifs, possessifs, interrogatifs, relatifs, ind\u00e9finis<\/li>\n<li>Les mots invariables\u00a0: conjonctions, adverbes, pr\u00e9positions<\/li>\n<li>Les d\u00e9terminants<\/li>\n<li>Les types et formes de phrases<\/li>\n<\/ul>\n<\/li>\n<\/ul>\n<ul>\n<li><strong>Vocabulaire<\/strong><\/li>\n<\/ul>\n<ul>\n<li>\n<ul>\n<li>Synonymes et recherche du mot juste<\/li>\n<li>Les homonymes, les paronymes, les antonymes<\/li>\n<li>Les pl\u00e9onasmes, les sol\u00e9cismes et mots impropres\u00a0<\/li>\n<li>Vocabulaire administratif<\/li>\n<li>Explication de texte\u00a0: compr\u00e9hension, synth\u00e8se et reformulation<\/li>\n<\/ul>\n<\/li>\n<\/ul>\n<\/li>\n<\/ul>\n\t\t\t\t\t\t<h4 tabindex=\"0\">M\u00e9thodologie<\/h4>\n\t\t\t<ul>\n<li>Test de niveau effectu\u00e9 en d\u00e9but de formation et en fin de formation<\/li>\n<li>Alternance de cours th\u00e9oriques et d\u2019exercices pratiques<\/li>\n<li>Exercices \u00e0 effectuer \u00e0 la maison entre les s\u00e9ances<\/li>\n<\/ul>\n","protected":false},"excerpt":{"rendered":"<p>Remise \u00e0 niveau fran\u00e7ais Les cours \/ Remise \u00e0 niveau fran\u00e7ais Public Ces cours de remise \u00e0 niveau et perfectionnement en langue fran\u00e7aise s&rsquo;adressent aux agents souhaitant faire \u00e9voluer leurs \u00e9crits professionnels sur le fond et la forme. Ce programme pourra \u00eatre adapt\u00e9 aux besoins des stagiaires en fonction des r\u00e9sultats du test de niveau. &hellip;<\/p>\n<p class=\"read-more\"> <a class=\"\" href=\"https:\/\/www.reussir-sa-formation.com\/?page_id=2175\"> <span class=\"screen-reader-text\">Remise \u00e0 niveau fran\u00e7ais<\/span>Lire plus &raquo;<\/a><\/p>\n","protected":false},"author":2,"featured_media":0,"parent":2170,"menu_order":0,"comment_status":"closed","ping_status":"closed","template":"","meta":[],"_links":{"self":[{"href":"https:\/\/www.reussir-sa-formation.com\/index.php?rest_route=\/wp\/v2\/pages\/2175"}],"collection":[{"href":"https:\/\/www.reussir-sa-formation.com\/index.php?rest_route=\/wp\/v2\/pages"}],"about":[{"href":"https:\/\/www.reussir-sa-formation.com\/index.php?rest_route=\/wp\/v2\/types\/page"}],"author":[{"embeddable":true,"href":"https:\/\/www.reussir-sa-formation.com\/index.php?rest_route=\/wp\/v2\/users\/2"}],"replies":[{"embeddable":true,"href":"https:\/\/www.reussir-sa-formation.com\/index.php?rest_route=%2Fwp%2Fv2%2Fcomments&post=2175"}],"version-history":[{"count":4,"href":"https:\/\/www.reussir-sa-formation.com\/index.php?rest_route=\/wp\/v2\/pages\/2175\/revisions"}],"predecessor-version":[{"id":2195,"href":"https:\/\/www.reussir-sa-formation.com\/index.php?rest_route=\/wp\/v2\/pages\/2175\/revisions\/2195"}],"up":[{"embeddable":true,"href":"https:\/\/www.reussir-sa-formation.com\/index.php?rest_route=\/wp\/v2\/pages\/2170"}],"wp:attachment":[{"href":"https:\/\/www.reussir-sa-formation.com\/index.php?rest_route=%2Fwp%2Fv2%2Fmedia&parent=2175"}],"curies":[{"name":"wp","href":"https:\/\/api.w.org\/{rel}","templated":true}]}}