{"id":2170,"date":"2020-10-27T20:34:53","date_gmt":"2020-10-27T20:34:53","guid":{"rendered":"http:\/\/www.reussir-sa-formation.com\/?page_id=2170"},"modified":"2025-07-31T18:32:14","modified_gmt":"2025-07-31T18:32:14","slug":"les-cours","status":"publish","type":"page","link":"https:\/\/www.reussir-sa-formation.com\/?page_id=2170","title":{"rendered":"LES COURS"},"content":{"rendered":"<h2>\n\t\tLES COURS\n\t<\/h2>\n\t<h2>Un gage de r\u00e9ussite pour redonner confiance et motivation\u00a0<\/h2>\n\t<h3><strong>Une formation adapt\u00e9e sur le long terme par de courts modules dispens\u00e9s de mani\u00e8re r\u00e9guli\u00e8re. Un enseignement moins formel, plus collaborateur et participatif qui permet un v\u00e9ritable suivi p\u00e9dagogique.<\/strong><\/h3>\n\t\t\t<h2>Cours propos\u00e9s<\/h2>\t\t\t\n\t<p><b>Les cours en petits groupes favorisent le contact humain et les \u00e9changes directs.<\/b><\/p>\n<p>La m\u00e9thode p\u00e9dagogique par les nombreux exercices pratiques propos\u00e9s pendant et entre les cours permet aux stagiaires de progresser de mani\u00e8re r\u00e9guli\u00e8re.<\/p>\n\t<ul>\n\t\t<li><a href=\"https:\/\/www.reussir-sa-formation.com\/?page_id=2175\" target=\"_self\" rel=\"noopener\"><\/a>\t\t\t\t\n\t\t<h5>Remise \u00e0 niveau Fran\u00e7ais<\/h5 ><\/li><li><a href=\"https:\/\/www.reussir-sa-formation.com\/?page_id=2181\" target=\"_self\" rel=\"noopener\"><\/a>\t\t\t\t\n\t\t<h5>Droit public : connaissances administratives g\u00e9n\u00e9rales<\/h5 ><\/li><li><a href=\"https:\/\/www.reussir-sa-formation.com\/?page_id=2184\" target=\"_self\" rel=\"noopener\"><\/a>\t\t\t\t\n\t\t<h5>M\u00e9thodologie du cas pratique<\/h5 ><\/li>\t<\/ul>\n\t<p><strong>Mat\u00e9riel p\u00e9dagogique n\u00e9cessaire<\/strong><\/p>\n<ul>\n<li>Ordinateur portable<\/li>\n<li>Vid\u00e9oprojecteur<\/li>\n<li>Tableau blanc<\/li>\n<\/ul>\n","protected":false},"excerpt":{"rendered":"<p>LES COURS Un gage de r\u00e9ussite pour redonner confiance et motivation\u00a0 Une formation adapt\u00e9e sur le long terme par de courts modules dispens\u00e9s de mani\u00e8re r\u00e9guli\u00e8re. Un enseignement moins formel, plus collaborateur et participatif qui permet un v\u00e9ritable suivi p\u00e9dagogique. Cours propos\u00e9s Les cours en petits groupes favorisent le contact humain et les \u00e9changes directs. &hellip;<\/p>\n<p class=\"read-more\"> <a class=\"\" href=\"https:\/\/www.reussir-sa-formation.com\/?page_id=2170\"> <span class=\"screen-reader-text\">LES COURS<\/span>Lire plus &raquo;<\/a><\/p>\n","protected":false},"author":2,"featured_media":0,"parent":0,"menu_order":0,"comment_status":"closed","ping_status":"closed","template":"","meta":[],"_links":{"self":[{"href":"https:\/\/www.reussir-sa-formation.com\/index.php?rest_route=\/wp\/v2\/pages\/2170"}],"collection":[{"href":"https:\/\/www.reussir-sa-formation.com\/index.php?rest_route=\/wp\/v2\/pages"}],"about":[{"href":"https:\/\/www.reussir-sa-formation.com\/index.php?rest_route=\/wp\/v2\/types\/page"}],"author":[{"embeddable":true,"href":"https:\/\/www.reussir-sa-formation.com\/index.php?rest_route=\/wp\/v2\/users\/2"}],"replies":[{"embeddable":true,"href":"https:\/\/www.reussir-sa-formation.com\/index.php?rest_route=%2Fwp%2Fv2%2Fcomments&post=2170"}],"version-history":[{"count":12,"href":"https:\/\/www.reussir-sa-formation.com\/index.php?rest_route=\/wp\/v2\/pages\/2170\/revisions"}],"predecessor-version":[{"id":2359,"href":"https:\/\/www.reussir-sa-formation.com\/index.php?rest_route=\/wp\/v2\/pages\/2170\/revisions\/2359"}],"wp:attachment":[{"href":"https:\/\/www.reussir-sa-formation.com\/index.php?rest_route=%2Fwp%2Fv2%2Fmedia&parent=2170"}],"curies":[{"name":"wp","href":"https:\/\/api.w.org\/{rel}","templated":true}]}}