{"id":11,"date":"2013-07-21T18:14:35","date_gmt":"2013-07-21T18:14:35","guid":{"rendered":"http:\/\/www.reussir-sa-formation.com\/?page_id=11"},"modified":"2020-03-04T09:39:58","modified_gmt":"2020-03-04T09:39:58","slug":"la-formatrice","status":"publish","type":"page","link":"https:\/\/www.reussir-sa-formation.com\/?page_id=11","title":{"rendered":"LA FORMATRICE"},"content":{"rendered":"<h2>\n\t\tLA FORMATRICE\n\t<\/h2>\n\t<h2>Je suis Mich&egrave;le, votre formatrice<\/h2>\n\t<p><strong>Formatrice\/Consultante, j&rsquo;interviens dans les domaines des ressources humaines, du management, de la communication, des finances et march\u00e9s publics, ainsi que du droit public.<\/strong><\/p>\n<p><strong>J&rsquo;ai \u00e9galement anim\u00e9 ces derni\u00e8res ann\u00e9es des stages de pr\u00e9paration aux concours et examens professionnels administratifs.<\/strong><\/p>\n\t\t\t\t\t\t<h3>Exp\u00e9rience en Administration<\/h3>\n\t\t\t\t\t\t<p>Juriste de formation initiale, ancienne \u00e9l\u00e8ve de l&rsquo;IRA de Lyon, j&rsquo;ai d\u00e9but\u00e9 en qualit\u00e9 d&rsquo;attach\u00e9 de pr\u00e9fecture o\u00f9 j&rsquo;ai \u00e9t\u00e9 en charge de diff\u00e9rents services. Cette premi\u00e8re exp\u00e9rience m&rsquo;a apport\u00e9 une solide connaissance des services d\u00e9concentr\u00e9s de l&rsquo;Etat et une expertise en management et RH.<\/p>\n\t\t\t\t\t\t<!-- CTA -->\n\t\t\t\t\t\t<h3>Comp\u00e9tences P\u00e9dagogiques<\/h3>\n\t\t\t\t\t\t<p>J&rsquo;ai dirig\u00e9 plusieurs ann\u00e9es un service de Formation dans une importante collectivit\u00e9 territoriale. Souhaitant me perfectionner, j&rsquo;ai repris mes \u00e9tudes en 2008 et r\u00e9ussi mon Master II \u00ab\u00a0Formation et d\u00e9veloppement des comp\u00e9tences dans l&rsquo;espace europ\u00e9en\u00a0\u00bb, \u00a0\u00e0 l&rsquo;universit\u00e9 Paris I Panth\u00e9on Sorbonne.<\/p>\n\t\t\t\t\t\t<!-- CTA -->\n\t\t\t\t\t\t<h3>R\u00e9seau<\/h3>\n\t\t\t\t\t\t<p>Membre du r\u00e9seau r\u00e9gional de ressources humaines et formation aupr\u00e8s du Centre national de la fonction publique territoriale, j&rsquo;apporte ma contribution pour \u00eatre force de proposition de projets innovants, favoriser les \u00e9changes, et assurer une veille juridique indispensable dans une p\u00e9riode de mutation. Je suis \u00e9galement sollicit\u00e9e comme membre de jury des concours administratifs, \u00e0 \u00a0l&rsquo;\u00e9crit comme \u00e0 \u00a0l&rsquo;oral.<\/p>\n\t\t\t\t\t\t<!-- CTA -->\n\t\t<h3>Exp\u00e9rience et comp\u00e9tences \u00e0 votre service<\/h3>\n\t\t\t<p><strong>La richesse de mon parcours professionnel et ma formation me permettent de dispenser aujourd&rsquo;hui des formations bien adapt\u00e9es et de qualit\u00e9 tr\u00e8s appr\u00e9ci\u00e9es par les stagiaires et les organismes employeurs.<\/strong><\/p>\n","protected":false},"excerpt":{"rendered":"<p>LA FORMATRICE Je suis Mich&egrave;le, votre formatrice Formatrice\/Consultante, j&rsquo;interviens dans les domaines des ressources humaines, du management, de la communication, des finances et march\u00e9s publics, ainsi que du droit public. J&rsquo;ai \u00e9galement anim\u00e9 ces derni\u00e8res ann\u00e9es des stages de pr\u00e9paration aux concours et examens professionnels administratifs. Exp\u00e9rience en Administration Juriste de formation initiale, ancienne \u00e9l\u00e8ve &hellip;<\/p>\n<p class=\"read-more\"> <a class=\"\" href=\"https:\/\/www.reussir-sa-formation.com\/?page_id=11\"> <span class=\"screen-reader-text\">LA FORMATRICE<\/span>Lire plus &raquo;<\/a><\/p>\n","protected":false},"author":1,"featured_media":0,"parent":0,"menu_order":0,"comment_status":"closed","ping_status":"closed","template":"","meta":[],"_links":{"self":[{"href":"https:\/\/www.reussir-sa-formation.com\/index.php?rest_route=\/wp\/v2\/pages\/11"}],"collection":[{"href":"https:\/\/www.reussir-sa-formation.com\/index.php?rest_route=\/wp\/v2\/pages"}],"about":[{"href":"https:\/\/www.reussir-sa-formation.com\/index.php?rest_route=\/wp\/v2\/types\/page"}],"author":[{"embeddable":true,"href":"https:\/\/www.reussir-sa-formation.com\/index.php?rest_route=\/wp\/v2\/users\/1"}],"replies":[{"embeddable":true,"href":"https:\/\/www.reussir-sa-formation.com\/index.php?rest_route=%2Fwp%2Fv2%2Fcomments&post=11"}],"version-history":[{"count":142,"href":"https:\/\/www.reussir-sa-formation.com\/index.php?rest_route=\/wp\/v2\/pages\/11\/revisions"}],"predecessor-version":[{"id":2060,"href":"https:\/\/www.reussir-sa-formation.com\/index.php?rest_route=\/wp\/v2\/pages\/11\/revisions\/2060"}],"wp:attachment":[{"href":"https:\/\/www.reussir-sa-formation.com\/index.php?rest_route=%2Fwp%2Fv2%2Fmedia&parent=11"}],"curies":[{"name":"wp","href":"https:\/\/api.w.org\/{rel}","templated":true}]}}