{"id":1020,"date":"2014-02-06T13:34:45","date_gmt":"2014-02-06T13:34:45","guid":{"rendered":"http:\/\/www.reussir-sa-formation.com\/?page_id=1020"},"modified":"2018-06-30T09:31:51","modified_gmt":"2018-06-30T09:31:51","slug":"1020-2","status":"publish","type":"page","link":"https:\/\/www.reussir-sa-formation.com\/?page_id=1020","title":{"rendered":"La Note Administrative avec Propositions"},"content":{"rendered":"<h3>\n\t\t\t\tLa note administrative avec propositions<br \/>\n\t\t\t<\/h3>\n<p><a href=\"http:\/\/www.reussir-sa-formation.com\/?page_id=12\">Formations<\/a>\u00a0\/\u00a0<a href=\"http:\/\/www.reussir-sa-formation.com\/?page_id=25\">Pr\u00e9paration aux concours et examens<\/a>\u00a0\/ La note administrative avec propositions<\/p>\n<h4>Public<\/h4>\n<p>Tout agent souhaitant pr\u00e9senter un concours ou un examen professionnel comportant une \u00e9preuve de note administrative avec propositions.<\/p>\n<h4>Dur\u00e9e<\/h4>\n<p>2 jours<\/p>\n<h4>Objectifs<\/h4>\n<ul>\n<li>Pr\u00e9parer et\/ou consolider les capacit\u00e9s des stagiaires \u00e0 r\u00e9diger une note administrative \u00e0 \u00a0partir d\u2019un dossier \u00e0 \u00a0caract\u00e8re administratif.<\/li>\n<li>Connaitre les caract\u00e9ristiques de l\u2019\u00e9preuve et les attentes du jury<\/li>\n<li>Appliquer une m\u00e9thode pour concevoir et r\u00e9diger une note administrative avec propositions<\/li>\n<li>Acqu\u00e9rir les outils d\u2019analyse et de synth\u00e8se permettant de mener \u00e0 terme chacune des \u00e9tapes m\u00e9thodologiques et de les enchainer efficacement<\/li>\n<\/ul>\n<h4>Programme<\/h4>\n<ul>\n<li>Le contenu et la nature de l\u2019\u00e9preuve de la note administrative avec propositions<\/li>\n<li>L\u2019\u00e9tude du sujet : savoir le lire et le comprendre<\/li>\n<li>L\u2019\u00e9tude du dossier<\/li>\n<li>Le r\u00f4le et l\u2019\u00e9laboration du plan<\/li>\n<li>La r\u00e9daction de la note et ses exigences<\/li>\n<li>Apprendre \u00e0 \u00a0g\u00e9rer son temps<\/li>\n<li>Exp\u00e9rimenter l\u2019\u00e9preuve par des exercices pratiques et un sujet \u00e0 faire chez soi, si possible dans les conditions du concours.<\/li>\n<\/ul>\n<h4>M\u00e9thodologie<\/h4>\n<ul>\n<li>Apports th\u00e9oriques avec pr\u00e9sentation PowerPoint et exercices pratiques.<\/li>\n<li>Travail en sous-groupe<\/li>\n<li>Travail individuel avec la formatrice<\/li>\n<\/ul>\n<p><b>Observation<\/b>\u00a0: Possibilit\u00e9 d\u2019envoi de devoirs et de corrections par correspondance.<\/p>\n<p>Possibilit\u00e9 d\u2019organiser une journ\u00e9e de correction de devoir en pr\u00e9sentiel.<\/p>\n","protected":false},"excerpt":{"rendered":"<p>La note administrative avec propositions Formations\u00a0\/\u00a0Pr\u00e9paration aux concours et examens\u00a0\/ La note administrative avec propositions Public Tout agent souhaitant pr\u00e9senter un concours ou un examen professionnel comportant une \u00e9preuve de note administrative avec propositions. Dur\u00e9e 2 jours Objectifs Pr\u00e9parer et\/ou consolider les capacit\u00e9s des stagiaires \u00e0 r\u00e9diger une note administrative \u00e0 \u00a0partir d\u2019un dossier \u00e0 &hellip;<\/p>\n<p class=\"read-more\"> <a class=\"\" href=\"https:\/\/www.reussir-sa-formation.com\/?page_id=1020\"> <span class=\"screen-reader-text\">La Note Administrative avec Propositions<\/span>Lire plus &raquo;<\/a><\/p>\n","protected":false},"author":2,"featured_media":0,"parent":25,"menu_order":1,"comment_status":"closed","ping_status":"open","template":"","meta":[],"_links":{"self":[{"href":"https:\/\/www.reussir-sa-formation.com\/index.php?rest_route=\/wp\/v2\/pages\/1020"}],"collection":[{"href":"https:\/\/www.reussir-sa-formation.com\/index.php?rest_route=\/wp\/v2\/pages"}],"about":[{"href":"https:\/\/www.reussir-sa-formation.com\/index.php?rest_route=\/wp\/v2\/types\/page"}],"author":[{"embeddable":true,"href":"https:\/\/www.reussir-sa-formation.com\/index.php?rest_route=\/wp\/v2\/users\/2"}],"replies":[{"embeddable":true,"href":"https:\/\/www.reussir-sa-formation.com\/index.php?rest_route=%2Fwp%2Fv2%2Fcomments&post=1020"}],"version-history":[{"count":13,"href":"https:\/\/www.reussir-sa-formation.com\/index.php?rest_route=\/wp\/v2\/pages\/1020\/revisions"}],"predecessor-version":[{"id":1889,"href":"https:\/\/www.reussir-sa-formation.com\/index.php?rest_route=\/wp\/v2\/pages\/1020\/revisions\/1889"}],"up":[{"embeddable":true,"href":"https:\/\/www.reussir-sa-formation.com\/index.php?rest_route=\/wp\/v2\/pages\/25"}],"wp:attachment":[{"href":"https:\/\/www.reussir-sa-formation.com\/index.php?rest_route=%2Fwp%2Fv2%2Fmedia&parent=1020"}],"curies":[{"name":"wp","href":"https:\/\/api.w.org\/{rel}","templated":true}]}}